q = 18977 - 18897. Calculate the remainder when q is divided by c.
35
Suppose 258*o - 409212 = 15*o. What is the remainder when 6748 is divided by o?
12
Let q(s) = -s + 38. Calculate the remainder when 1470 is divided by q(1).
27
Calculate the remainder when 943 is divided by (-27 + 312/16)/(3/(-44)).
63
Suppose 95*u - 198*u + 41818 = 0. Calculate the remainder when 1626 is divided by u.
2
Let i = -698 - -1201. Let s = i - 289. Calculate the remainder when s is divided by 24.
22
Let t(n) = n**3 + 8*n**2 - 6*n - 6. Let k = -77724 + 77747. Calculate the remainder when t(-6) is divided by k.
10
Let i(t) = 3*t - 21. Let b be i(6). What is the remainder when 2/6 - (-300)/18 is divided by (-1)/(b*(-6)/(-90))?
2
Suppose l - 347 = 2*g, -700 = -2*l - g + 2*g. What is the remainder when l is divided by 20?
11
Suppose 4*v - 117 = -p, 0*v - 4*v - 2*p + 114 = 0. Suppose 0 = 5*m - 30 - v. What is the remainder when (-4)/((-6)/m - 3/(-8)) is divided by 18?
14
Suppose 2*k + 24*a - 281 = 21*a, -5*k = -a - 711. Calculate the remainder when 447 is divided by k.
21
Calculate the remainder when 2789 is divided by 75/60*(134 - 10).
154
What is the remainder when (-11)/(55/(-4285)) - (1 - 0) is divided by 6?
4
Suppose 150*j - 149*j - 3106 = -3*c, -5*c - 6278 = -2*j. What is the remainder when j is divided by 1559?
6
Let a be (3/(-4))/(1/(-4)). Suppose 0*f + 4*q - 16 = -4*f, 8 = f + a*q. Suppose -5 = f*o - 25. What is the remainder when 14 is divided by o?
4
Let t(s) = 40*s**2 + 183*s + 1. Calculate the remainder when t(-8) is divided by 272.
9
Suppose 9*w = -2*m + 5*w + 56, 2*m = 5*w + 119. Calculate the remainder when 14321 is divided by m.
41
Suppose 2*s - 5 = -l + 10, -4*s + 240 = 12*l. Calculate the remainder when 11105 is divided by l.
17
Suppose 10 = 5*k, -1652*k = 4*g - 1651*k - 738. What is the remainder when 547 is divided by g?
179
Let i(p) = -p**2 - 8*p - 5. Let x be i(-7). Suppose 98 - 286 + 68 = -8*j. What is the remainder when 6/(-3) + x - -74 is divided by j?
14
Let s(o) = 8*o**2 - 12*o - 187. Calculate the remainder when s(-7) is divided by 14.
9
Let x = -13001 - -13103. What is the remainder when 405 is divided by x?
99
Let p be (-1 + -9)*(-12)/32*-12. Let d = p + 48. Calculate the remainder when -237*d/(-13 + 4) is divided by 40.
39
Let t = 194 - 191. Suppose -t*r + 3*i = -315, 3*r - 313 = 8*i - 4*i. Calculate the remainder when r is divided by 31.
14
What is the remainder when 6/(-19) + (-13014684)/(-684) is divided by 67?
66
Suppose 5*n + 519 + 89 = -3*s, -s = -5*n - 624. Let z = n - -126. Suppose -z*k - 592 = -10*k. What is the remainder when k is divided by 27?
20
Let q = 6608 - 6590. Calculate the remainder when 638/3 + 3/9 is divided by q.
15
Let l(o) = o**3 + 5*o**2 - 6*o - 2. Let a be l(-6). Let g = -78569 - -78578. What is the remainder when 17*2 - a/(-2) is divided by g?
6
What is the remainder when 313 is divided by ((8 - 4) + 194)*(-3)/(-6)?
16
Calculate the remainder when 178 is divided by ((-26910)/(-460))/(2/4).
61
Suppose -10*k - 89 + 389 = 0. Let f(d) = -d**2 + 47*d - 127. Let a = -24 - -88. Calculate the remainder when f(k) is divided by a.
63
Suppose 23*i + 26*i = -8*i + 741. Calculate the remainder when 415 is divided by i.
12
Let t = 2676 + -2651. What is the remainder when 27173 is divided by t?
23
Let p = 12805 - 12778. Suppose n = -4*n + 175. Let l = 138 - n. Calculate the remainder when l is divided by p.
22
Let x(f) = -f**3 + 2*f**2 + 42*f - 35. Let b(m) = m**2 - 2*m - 8. What is the remainder when b(-6) is divided by x(7)?
12
Suppose -3*y = d + 13, -3*y + 4*d = 2*y + 16. Let i = -4 - -6. Calculate the remainder when i is divided by 3*(y - (-51)/9) - 3.
0
Let f(m) = -m**3 + 2 + 53*m**2 - 76*m**2 + 15 + 78*m. Calculate the remainder when f(-26) is divided by 12.
5
Let w be 65/26*(1 + 0 - -3). Suppose h = 20 - w. Suppose 5*a - 65 = h. What is the remainder when a is divided by 8?
7
Suppose 125*r = 13*r - 1207 + 8823. What is the remainder when 2175 is divided by r?
67
Let u(j) = 71 - 4 - 405*j - 12. Let c(h) = -29*h + 4. Let i(y) = 55*c(y) - 4*u(y). What is the remainder when i(1) is divided by 14?
11
Let x = -788 - -792. Calculate the remainder when 249 is divided by 10 - x - -11 - -6.
19
Let g = -301 - -70. Let t = g + 246. Calculate the remainder when 119 is divided by t.
14
Suppose 1231*a = 3096*a - 29840. Calculate the remainder when (-53)/3*(1 + -10) is divided by a.
15
Calculate the remainder when 386 is divided by (12 + -15)/((-69)/(-140) - (-27)/(-45)).
22
Let b(q) = -q**3 + 17*q**2 - 53*q - 90. What is the remainder when 250 is divided by b(7)?
18
Suppose -28*c + 18*c = -5720. Suppose -5*b - 197 + c = 0. What is the remainder when b is divided by 36?
3
Let b be (-1 - -675)*6/(-12). Let y = 472 + b. What is the remainder when y is divided by 68?
67
Suppose 96*q - 98*q + 446 = -3*c, q - 250 = -3*c. Calculate the remainder when q is divided by 24.
16
Let c = 29 + -27. Suppose -3*w - c*a - 2 = -10, -3*w + 6 = 3*a. Calculate the remainder when 44 is divided by (-8*w)/(6/(-3)).
12
Let z(f) = -236*f + 2180. Let q(b) = b**2 - 2*b + 4. Suppose l = -2*l + 15. Calculate the remainder when z(9) is divided by q(l).
18
Let u = -10868 - -10909. Calculate the remainder when 3086 is divided by u.
11
Let q(c) = 32*c**2 - 40*c + 319. What is the remainder when q(7) is divided by 398?
15
Let d(o) = 2*o - 18. Let p be d(8). Let x(z) = -z**3 + 4*z**2 + 7*z + 8. Calculate the remainder when x(p) is divided by 5.
3
Suppose -2*o + 4*v + 12 = 0, 4*o + 2*v + 14 = -2. Suppose 0 = -u + 4 + 30. What is the remainder when (-3)/(548/(-268) - o) is divided by u?
33
Let x(k) = 6*k**2 - k + 2. Let w be (5 - (-203)/4)/(2/8). Let s = 232 - w. Calculate the remainder when x(2) is divided by s.
6
Let q(g) = -g**2 + 24*g + 193. Calculate the remainder when 761 is divided by q(29).
41
Let v(l) = -l**2 - 3*l. Let f(y) = -4*y**2 - 17*y + 23. Let m(k) = f(k) - 6*v(k). Calculate the remainder when m(-12) is divided by 15.
14
Let f = 22 - 0. Let z = 100 - 100. What is the remainder when f is divided by (z - 1) + 21*(-11)/(-33)?
4
Suppose -c = 6*i - 2*i + 38, 2*i = 2*c - 24. What is the remainder when (4/i)/(-2 - 3336/(-1670)) is divided by 10?
7
Let d(x) = 2*x - 20. Let n be d(10). Let k(u) = -2*u**2 - 3*u + 70. Calculate the remainder when k(n) is divided by 15.
10
Suppose 519*v + 258 = 522*v. What is the remainder when v is divided by 23?
17
Suppose 193*t - 93 = 1070 + 767. Calculate the remainder when 4837 is divided by t.
7
Suppose 47*b + 27*b = 8510. Suppose 221 = 5*k - k - 3*m, 0 = -5*k - 2*m + 305. Calculate the remainder when b is divided by k.
56
Suppose -4 = -4*g, -s - 3*g + 73 = -4*g. Let l = 111 - s. What is the remainder when -1*(-1 + (1 - 71)) is divided by l?
34
Suppose 0 = 2*s + 4*d - 1366, -4*s + 25*d = 28*d - 2732. Let y = s + -550. What is the remainder when y is divided by 15?
13
Let h = -202 + 311. Suppose -483 + 474 = -x, 3*d - 2*x - 24 = 0. What is the remainder when h is divided by d?
11
Suppose 155 = -7*h + 2*h. Let k = 64 + h. Let j = 721 + -712. What is the remainder when k is divided by j?
6
Let b = -5983 + 6633. Calculate the remainder when b is divided by 320.
10
Let r = -293 - -298. Suppose s - 2 = 0, r*s = -h + 4*h - 44. What is the remainder when h is divided by 10?
8
Suppose -t = 4*l - 406, l + 0*t - 5*t = 91. Suppose b + 928 = 9*b. Suppose b - 25 = 7*s. What is the remainder when l is divided by s?
10
Suppose 2*d + n = -n + 4, n + 40 = 5*d. Suppose u = 18 - d. Let i(v) = v**2 - 16*v - 36. What is the remainder when i(19) is divided by u?
10
Let o(n) = -n + 19. Let p be o(14). Suppose 9*v - p*v = -3*i + 2, 0 = v + 4*i - 7. What is the remainder when 54 is divided by -4*v*(-76)/(-16)?
16
Let j = -313 - -320. What is the remainder when -6 - (21/j - 33) is divided by 19?
5
Suppose 75*d + 3*v = 76*d - 284, -4*v = 5*d - 1344. What is the remainder when 2987 is divided by d?
267
Suppose -20 = -5*u - 0*u. Suppose 0*b - 2 = -2*b, -121 = -3*d - u*b. What is the remainder when d is divided by -5*(-6)/(-9)*-3?
9
Suppose 738 = 2*s + 3*y, -2*y - 158 = -2*s + 490. Suppose 3*d + 58 = 2*v, d - 2*d = v - 19. What is the remainder when s is divided by v?
20
Let r be 4 - (-66)/(-1 - -3). Suppose 0 = 17*m - r*m + 1660. Calculate the remainde